{"id":14951,"date":"2024-06-19T21:38:44","date_gmt":"2024-06-20T00:38:44","guid":{"rendered":"https:\/\/enala.com.br\/?page_id=14951"},"modified":"2025-08-13T15:11:38","modified_gmt":"2025-08-13T18:11:38","slug":"anais","status":"publish","type":"page","link":"https:\/\/enala.com.br\/2023\/anais\/","title":{"rendered":"Anais"},"content":{"rendered":"\t\t<div data-elementor-type=\"wp-page\" data-elementor-id=\"14951\" class=\"elementor elementor-14951\">\n\t\t\t\t\t\t<div class=\"elementor-inner\">\n\t\t\t\t<div class=\"elementor-section-wrap\">\n\t\t\t\t\t\t\t\t\t<section class=\"elementor-section elementor-top-section elementor-element elementor-element-4b72244 elementor-section-boxed elementor-section-height-default elementor-section-height-default wpr-particle-no wpr-jarallax-no wpr-parallax-no wpr-sticky-section-no\" data-id=\"4b72244\" data-element_type=\"section\" data-settings=\"{&quot;_ha_eqh_enable&quot;:false,&quot;ekit_has_onepagescroll_dot&quot;:&quot;yes&quot;}\">\n\t\t\t\t\t\t<div class=\"elementor-container elementor-column-gap-default\">\n\t\t\t\t\t\t\t<div class=\"elementor-row\">\n\t\t\t\t\t<div class=\"elementor-column elementor-col-100 elementor-top-column elementor-element elementor-element-ec00fa7\" data-id=\"ec00fa7\" data-element_type=\"column\">\n\t\t\t<div class=\"elementor-column-wrap elementor-element-populated\">\n\t\t\t\t\t\t\t<div class=\"elementor-widget-wrap\">\n\t\t\t\t\t\t<div class=\"elementor-element elementor-element-ed8fe8b elementor-widget__width-initial elementor-widget elementor-widget-image\" data-id=\"ed8fe8b\" data-element_type=\"widget\" data-settings=\"{&quot;ekit_we_effect_on&quot;:&quot;none&quot;}\" data-widget_type=\"image.default\">\n\t\t\t\t<div class=\"elementor-widget-container\">\n\t\t\t\t\t\t\t\t<div class=\"elementor-image\">\n\t\t\t\t\t\t\t\t\t\t\t\t<img decoding=\"async\" width=\"565\" height=\"800\" src=\"https:\/\/mlftgx9lfndb.i.optimole.com\/w:565\/h:800\/q:mauto\/f:best\/https:\/\/enala.com.br\/2023\/wp-content\/uploads\/2024\/06\/enala.anais-copiar.jpg\" class=\"attachment-large size-large wp-image-14956\" alt=\"\" \/>\t\t\t\t\t\t\t\t\t\t\t\t\t\t<\/div>\n\t\t\t\t\t\t<\/div>\n\t\t\t\t<\/div>\n\t\t\t\t<div class=\"elementor-element elementor-element-503f778 elementor-widget__width-initial elementor-widget elementor-widget-elementskit-button\" data-id=\"503f778\" data-element_type=\"widget\" data-settings=\"{&quot;_animation&quot;:&quot;none&quot;,&quot;ekit_we_effect_on&quot;:&quot;none&quot;}\" data-widget_type=\"elementskit-button.default\">\n\t\t\t\t<div class=\"elementor-widget-container\">\n\t\t\t<div class=\"ekit-wid-con\" >\t\t<div class=\"ekit-btn-wraper\">\n\t\t\t\t\t\t\t<a href=\"https:\/\/enala.com.br\/2023\/wp-content\/uploads\/2024\/07\/Caderno-de-resumos-enala-2023.pdf\" class=\"elementskit-btn  whitespace--normal\" >\n\t\t\t\t\t\n\t\t\t\t\t<i aria-hidden=\"true\" class=\"fas fa-file-pdf\"><\/i>\n\t\t\t\t\tBaixar caderno de resumos (.pdf)\t\t\t\t<\/a>\n\t\t\t\t\t\t<\/div>\n        <\/div>\t\t<\/div>\n\t\t\t\t<\/div>\n\t\t\t\t\t\t<\/div>\n\t\t\t\t\t<\/div>\n\t\t<\/div>\n\t\t\t\t\t\t\t\t<\/div>\n\t\t\t\t\t<\/div>\n\t\t<\/section>\n\t\t\t\t\t\t\t\t\t<\/div>\n\t\t\t<\/div>\n\t\t\t\t\t<\/div>\n\t\t","protected":false},"excerpt":{"rendered":"<p>Baixar caderno de resumos (.pdf)<\/p>\n","protected":false},"author":1,"featured_media":0,"parent":0,"menu_order":0,"comment_status":"closed","ping_status":"closed","template":"","meta":{"ngg_post_thumbnail":0,"footnotes":""},"folder":[],"acf":[],"yoast_head":"<!-- This site is optimized with the Yoast SEO plugin v21.2 - https:\/\/yoast.com\/wordpress\/plugins\/seo\/ -->\n<title>Anais - II ENALA - Encontro Nacional de Lingu\u00edstica Aplicada<\/title>\n<meta name=\"robots\" content=\"index, follow, max-snippet:-1, max-image-preview:large, max-video-preview:-1\" \/>\n<link rel=\"canonical\" href=\"https:\/\/enala.com.br\/2023\/anais\/\" \/>\n<meta property=\"og:locale\" content=\"pt_BR\" \/>\n<meta property=\"og:type\" content=\"article\" \/>\n<meta property=\"og:title\" content=\"Anais - II ENALA - Encontro Nacional de Lingu\u00edstica Aplicada\" \/>\n<meta property=\"og:description\" content=\"Baixar caderno de resumos (.pdf)\" \/>\n<meta property=\"og:url\" content=\"https:\/\/enala.com.br\/2023\/anais\/\" \/>\n<meta property=\"og:site_name\" content=\"II ENALA - Encontro Nacional de Lingu\u00edstica Aplicada\" \/>\n<meta property=\"article:publisher\" content=\"https:\/\/www.facebook.com\/gedeall.ufal\" \/>\n<meta property=\"article:modified_time\" content=\"2025-08-13T18:11:38+00:00\" \/>\n<meta property=\"og:image\" content=\"https:\/\/mlftgx9lfndb.i.optimole.com\/w:565\/h:800\/q:mauto\/f:best\/https:\/\/enala.com.br\/2023\/wp-content\/uploads\/2024\/06\/enala.anais-copiar.jpg\" \/>\n<meta name=\"twitter:card\" content=\"summary_large_image\" \/>\n<meta name=\"twitter:label1\" content=\"Est. tempo de leitura\" \/>\n\t<meta name=\"twitter:data1\" content=\"1 minuto\" \/>\n<script type=\"application\/ld+json\" class=\"yoast-schema-graph\">{\"@context\":\"https:\/\/schema.org\",\"@graph\":[{\"@type\":\"WebPage\",\"@id\":\"https:\/\/enala.com.br\/2023\/anais\/\",\"url\":\"https:\/\/enala.com.br\/2023\/anais\/\",\"name\":\"Anais - II ENALA - Encontro Nacional de Lingu\u00edstica Aplicada\",\"isPartOf\":{\"@id\":\"https:\/\/enala.com.br\/2023\/#website\"},\"datePublished\":\"2024-06-20T00:38:44+00:00\",\"dateModified\":\"2025-08-13T18:11:38+00:00\",\"breadcrumb\":{\"@id\":\"https:\/\/enala.com.br\/2023\/anais\/#breadcrumb\"},\"inLanguage\":\"pt-BR\",\"potentialAction\":[{\"@type\":\"ReadAction\",\"target\":[\"https:\/\/enala.com.br\/2023\/anais\/\"]}]},{\"@type\":\"BreadcrumbList\",\"@id\":\"https:\/\/enala.com.br\/2023\/anais\/#breadcrumb\",\"itemListElement\":[{\"@type\":\"ListItem\",\"position\":1,\"name\":\"In\u00edcio\",\"item\":\"https:\/\/enala.com.br\/2023\/\"},{\"@type\":\"ListItem\",\"position\":2,\"name\":\"Anais\"}]},{\"@type\":\"WebSite\",\"@id\":\"https:\/\/enala.com.br\/2023\/#website\",\"url\":\"https:\/\/enala.com.br\/2023\/\",\"name\":\"II ENALA - Encontro Nacional de Lingu\u00edstica Aplicada\",\"description\":\"Site oficial do Encontro Nacional de Lingu\u00edstica Aplicada, evento bienal, realizado pelo Grupo de Estudos Discurso, Ensino e Aprendizagem de L\u00ednguas e Literaturas, vinculado ao Programa de P\u00f3s-Gradua\u00e7\u00e3o em Lingu\u00edstica e Literatura (PPGLL) da Universidade Federal de Alagoas (UFAL)\",\"publisher\":{\"@id\":\"https:\/\/enala.com.br\/2023\/#organization\"},\"potentialAction\":[{\"@type\":\"SearchAction\",\"target\":{\"@type\":\"EntryPoint\",\"urlTemplate\":\"https:\/\/enala.com.br\/2023\/?s={search_term_string}\"},\"query-input\":\"required name=search_term_string\"}],\"inLanguage\":\"pt-BR\"},{\"@type\":\"Organization\",\"@id\":\"https:\/\/enala.com.br\/2023\/#organization\",\"name\":\"II Enala\",\"url\":\"https:\/\/enala.com.br\/2023\/\",\"logo\":{\"@type\":\"ImageObject\",\"inLanguage\":\"pt-BR\",\"@id\":\"https:\/\/enala.com.br\/2023\/#\/schema\/logo\/image\/\",\"url\":\"https:\/\/mlftgx9lfndb.i.optimole.com\/w:auto\/h:auto\/q:mauto\/f:best\/https:\/\/enala.com.br\/2023\/wp-content\/uploads\/2023\/03\/cropped-LOGO-header.png\",\"contentUrl\":\"https:\/\/mlftgx9lfndb.i.optimole.com\/w:auto\/h:auto\/q:mauto\/f:best\/https:\/\/enala.com.br\/2023\/wp-content\/uploads\/2023\/03\/cropped-LOGO-header.png\",\"width\":202,\"height\":58,\"caption\":\"II Enala\"},\"image\":{\"@id\":\"https:\/\/enala.com.br\/2023\/#\/schema\/logo\/image\/\"},\"sameAs\":[\"https:\/\/www.facebook.com\/gedeall.ufal\",\"https:\/\/www.instagram.com\/gedeall.ufal\",\"https:\/\/www.youtube.com\/gedeall\"]}]}<\/script>\n<!-- \/ Yoast SEO plugin. -->","yoast_head_json":{"title":"Anais - II ENALA - Encontro Nacional de Lingu\u00edstica Aplicada","robots":{"index":"index","follow":"follow","max-snippet":"max-snippet:-1","max-image-preview":"max-image-preview:large","max-video-preview":"max-video-preview:-1"},"canonical":"https:\/\/enala.com.br\/2023\/anais\/","og_locale":"pt_BR","og_type":"article","og_title":"Anais - II ENALA - Encontro Nacional de Lingu\u00edstica Aplicada","og_description":"Baixar caderno de resumos (.pdf)","og_url":"https:\/\/enala.com.br\/2023\/anais\/","og_site_name":"II ENALA - Encontro Nacional de Lingu\u00edstica Aplicada","article_publisher":"https:\/\/www.facebook.com\/gedeall.ufal","article_modified_time":"2025-08-13T18:11:38+00:00","og_image":[{"url":"https:\/\/mlftgx9lfndb.i.optimole.com\/w:565\/h:800\/q:mauto\/f:best\/https:\/\/enala.com.br\/2023\/wp-content\/uploads\/2024\/06\/enala.anais-copiar.jpg"}],"twitter_card":"summary_large_image","twitter_misc":{"Est. tempo de leitura":"1 minuto"},"schema":{"@context":"https:\/\/schema.org","@graph":[{"@type":"WebPage","@id":"https:\/\/enala.com.br\/2023\/anais\/","url":"https:\/\/enala.com.br\/2023\/anais\/","name":"Anais - II ENALA - Encontro Nacional de Lingu\u00edstica Aplicada","isPartOf":{"@id":"https:\/\/enala.com.br\/2023\/#website"},"datePublished":"2024-06-20T00:38:44+00:00","dateModified":"2025-08-13T18:11:38+00:00","breadcrumb":{"@id":"https:\/\/enala.com.br\/2023\/anais\/#breadcrumb"},"inLanguage":"pt-BR","potentialAction":[{"@type":"ReadAction","target":["https:\/\/enala.com.br\/2023\/anais\/"]}]},{"@type":"BreadcrumbList","@id":"https:\/\/enala.com.br\/2023\/anais\/#breadcrumb","itemListElement":[{"@type":"ListItem","position":1,"name":"In\u00edcio","item":"https:\/\/enala.com.br\/2023\/"},{"@type":"ListItem","position":2,"name":"Anais"}]},{"@type":"WebSite","@id":"https:\/\/enala.com.br\/2023\/#website","url":"https:\/\/enala.com.br\/2023\/","name":"II ENALA - Encontro Nacional de Lingu\u00edstica Aplicada","description":"Site oficial do Encontro Nacional de Lingu\u00edstica Aplicada, evento bienal, realizado pelo Grupo de Estudos Discurso, Ensino e Aprendizagem de L\u00ednguas e Literaturas, vinculado ao Programa de P\u00f3s-Gradua\u00e7\u00e3o em Lingu\u00edstica e Literatura (PPGLL) da Universidade Federal de Alagoas (UFAL)","publisher":{"@id":"https:\/\/enala.com.br\/2023\/#organization"},"potentialAction":[{"@type":"SearchAction","target":{"@type":"EntryPoint","urlTemplate":"https:\/\/enala.com.br\/2023\/?s={search_term_string}"},"query-input":"required name=search_term_string"}],"inLanguage":"pt-BR"},{"@type":"Organization","@id":"https:\/\/enala.com.br\/2023\/#organization","name":"II Enala","url":"https:\/\/enala.com.br\/2023\/","logo":{"@type":"ImageObject","inLanguage":"pt-BR","@id":"https:\/\/enala.com.br\/2023\/#\/schema\/logo\/image\/","url":"https:\/\/mlftgx9lfndb.i.optimole.com\/w:auto\/h:auto\/q:mauto\/f:best\/https:\/\/enala.com.br\/2023\/wp-content\/uploads\/2023\/03\/cropped-LOGO-header.png","contentUrl":"https:\/\/mlftgx9lfndb.i.optimole.com\/w:auto\/h:auto\/q:mauto\/f:best\/https:\/\/enala.com.br\/2023\/wp-content\/uploads\/2023\/03\/cropped-LOGO-header.png","width":202,"height":58,"caption":"II Enala"},"image":{"@id":"https:\/\/enala.com.br\/2023\/#\/schema\/logo\/image\/"},"sameAs":["https:\/\/www.facebook.com\/gedeall.ufal","https:\/\/www.instagram.com\/gedeall.ufal","https:\/\/www.youtube.com\/gedeall"]}]}},"_links":{"self":[{"href":"https:\/\/enala.com.br\/2023\/wp-json\/wp\/v2\/pages\/14951"}],"collection":[{"href":"https:\/\/enala.com.br\/2023\/wp-json\/wp\/v2\/pages"}],"about":[{"href":"https:\/\/enala.com.br\/2023\/wp-json\/wp\/v2\/types\/page"}],"author":[{"embeddable":true,"href":"https:\/\/enala.com.br\/2023\/wp-json\/wp\/v2\/users\/1"}],"replies":[{"embeddable":true,"href":"https:\/\/enala.com.br\/2023\/wp-json\/wp\/v2\/comments?post=14951"}],"version-history":[{"count":13,"href":"https:\/\/enala.com.br\/2023\/wp-json\/wp\/v2\/pages\/14951\/revisions"}],"predecessor-version":[{"id":15127,"href":"https:\/\/enala.com.br\/2023\/wp-json\/wp\/v2\/pages\/14951\/revisions\/15127"}],"wp:attachment":[{"href":"https:\/\/enala.com.br\/2023\/wp-json\/wp\/v2\/media?parent=14951"}],"wp:term":[{"taxonomy":"folder","embeddable":true,"href":"https:\/\/enala.com.br\/2023\/wp-json\/wp\/v2\/folder?post=14951"}],"curies":[{"name":"wp","href":"https:\/\/api.w.org\/{rel}","templated":true}]}}

<!-- This site is optimized with the Yoast SEO plugin v21.2 - https://yoast.com/wordpress/plugins/seo/ -->
<title>Anais - II ENALA - Encontro Nacional de Linguística Aplicada</title>
<meta name="robots" content="index, follow, max-snippet:-1, max-image-preview:large, max-video-preview:-1" />
<link rel="canonical" href="https://enala.com.br/2023/anais/" />
<meta property="og:locale" content="pt_BR" />
<meta property="og:type" content="article" />
<meta property="og:title" content="Anais - II ENALA - Encontro Nacional de Linguística Aplicada" />
<meta property="og:description" content="Baixar caderno de resumos (.pdf)" />
<meta property="og:url" content="https://enala.com.br/2023/anais/" />
<meta property="og:site_name" content="II ENALA - Encontro Nacional de Linguística Aplicada" />
<meta property="article:publisher" content="https://www.facebook.com/gedeall.ufal" />
<meta property="article:modified_time" content="2025-08-13T18:11:38+00:00" />
<meta property="og:image" content="https://mlftgx9lfndb.i.optimole.com/w:565/h:800/q:mauto/f:best/https://enala.com.br/2023/wp-content/uploads/2024/06/enala.anais-copiar.jpg" />
<meta name="twitter:card" content="summary_large_image" />
<meta name="twitter:label1" content="Est. tempo de leitura" />
	<meta name="twitter:data1" content="1 minuto" />
<script type="application/ld+json" class="yoast-schema-graph">{"@context":"https://schema.org","@graph":[{"@type":"WebPage","@id":"https://enala.com.br/2023/anais/","url":"https://enala.com.br/2023/anais/","name":"Anais - II ENALA - Encontro Nacional de Linguística Aplicada","isPartOf":{"@id":"https://enala.com.br/2023/#website"},"datePublished":"2024-06-20T00:38:44+00:00","dateModified":"2025-08-13T18:11:38+00:00","breadcrumb":{"@id":"https://enala.com.br/2023/anais/#breadcrumb"},"inLanguage":"pt-BR","potentialAction":[{"@type":"ReadAction","target":["https://enala.com.br/2023/anais/"]}]},{"@type":"BreadcrumbList","@id":"https://enala.com.br/2023/anais/#breadcrumb","itemListElement":[{"@type":"ListItem","position":1,"name":"Início","item":"https://enala.com.br/2023/"},{"@type":"ListItem","position":2,"name":"Anais"}]},{"@type":"WebSite","@id":"https://enala.com.br/2023/#website","url":"https://enala.com.br/2023/","name":"II ENALA - Encontro Nacional de Linguística Aplicada","description":"Site oficial do Encontro Nacional de Linguística Aplicada, evento bienal, realizado pelo Grupo de Estudos Discurso, Ensino e Aprendizagem de Línguas e Literaturas, vinculado ao Programa de Pós-Graduação em Linguística e Literatura (PPGLL) da Universidade Federal de Alagoas (UFAL)","publisher":{"@id":"https://enala.com.br/2023/#organization"},"potentialAction":[{"@type":"SearchAction","target":{"@type":"EntryPoint","urlTemplate":"https://enala.com.br/2023/?s={search_term_string}"},"query-input":"required name=search_term_string"}],"inLanguage":"pt-BR"},{"@type":"Organization","@id":"https://enala.com.br/2023/#organization","name":"II Enala","url":"https://enala.com.br/2023/","logo":{"@type":"ImageObject","inLanguage":"pt-BR","@id":"https://enala.com.br/2023/#/schema/logo/image/","url":"https://mlftgx9lfndb.i.optimole.com/w:auto/h:auto/q:mauto/f:best/https://enala.com.br/2023/wp-content/uploads/2023/03/cropped-LOGO-header.png","contentUrl":"https://mlftgx9lfndb.i.optimole.com/w:auto/h:auto/q:mauto/f:best/https://enala.com.br/2023/wp-content/uploads/2023/03/cropped-LOGO-header.png","width":202,"height":58,"caption":"II Enala"},"image":{"@id":"https://enala.com.br/2023/#/schema/logo/image/"},"sameAs":["https://www.facebook.com/gedeall.ufal","https://www.instagram.com/gedeall.ufal","https://www.youtube.com/gedeall"]}]}</script>
<!-- / Yoast SEO plugin. -->

Anais - II ENALA - Encontro Nacional de Linguística Aplicada

II ENALA - Encontro Nacional de Linguística Aplicada

Início

Site oficial do Encontro Nacional de Linguística Aplicada, evento bienal, realizado pelo Grupo de Estudos Discurso, Ensino e Aprendizagem de Línguas e Literaturas, vinculado ao Programa de Pós-Graduação em Linguística e Literatura (PPGLL) da Universidade Federal de Alagoas (UFAL)
