{"version":"1.0","provider_name":"II ENALA - Encontro Nacional de Lingu\u00edstica Aplicada","provider_url":"https:\/\/enala.com.br\/2023","author_name":"Enala","author_url":"https:\/\/enala.com.br\/2023\/author\/enalaeditor\/","title":"Maria Teresa Tedesco Vilardo Abreu (UERJ) - II ENALA - Encontro Nacional de Lingu\u00edstica Aplicada","type":"rich","width":600,"height":338,"html":"<blockquote class=\"wp-embedded-content\" data-secret=\"PF5wQXs9so\"><a href=\"https:\/\/enala.com.br\/2023\/convidados\/maria-teresa-tedesco-vilardo-abreu\/\">Maria Teresa Tedesco Vilardo Abreu (UERJ)<\/a><\/blockquote><iframe sandbox=\"allow-scripts\" security=\"restricted\" src=\"https:\/\/enala.com.br\/2023\/convidados\/maria-teresa-tedesco-vilardo-abreu\/embed\/#?secret=PF5wQXs9so\" width=\"600\" height=\"338\" title=\"&#8220;Maria Teresa Tedesco Vilardo Abreu (UERJ)&#8221; &#8212; II ENALA - Encontro Nacional de Lingu\u00edstica Aplicada\" data-secret=\"PF5wQXs9so\" frameborder=\"0\" marginwidth=\"0\" marginheight=\"0\" scrolling=\"no\" class=\"wp-embedded-content\"><\/iframe><script>\n\/*! This file is auto-generated *\/\n!function(d,l){\"use strict\";l.querySelector&&d.addEventListener&&\"undefined\"!=typeof URL&&(d.wp=d.wp||{},d.wp.receiveEmbedMessage||(d.wp.receiveEmbedMessage=function(e){var t=e.data;if((t||t.secret||t.message||t.value)&&!\/[^a-zA-Z0-9]\/.test(t.secret)){for(var s,r,n,a=l.querySelectorAll('iframe[data-secret=\"'+t.secret+'\"]'),o=l.querySelectorAll('blockquote[data-secret=\"'+t.secret+'\"]'),c=new RegExp(\"^https?:$\",\"i\"),i=0;i<o.length;i++)o[i].style.display=\"none\";for(i=0;i<a.length;i++)s=a[i],e.source===s.contentWindow&&(s.removeAttribute(\"style\"),\"height\"===t.message?(1e3<(r=parseInt(t.value,10))?r=1e3:~~r<200&&(r=200),s.height=r):\"link\"===t.message&&(r=new URL(s.getAttribute(\"src\")),n=new URL(t.value),c.test(n.protocol))&&n.host===r.host&&l.activeElement===s&&(d.top.location.href=t.value))}},d.addEventListener(\"message\",d.wp.receiveEmbedMessage,!1),l.addEventListener(\"DOMContentLoaded\",function(){for(var e,t,s=l.querySelectorAll(\"iframe.wp-embedded-content\"),r=0;r<s.length;r++)(t=(e=s[r]).getAttribute(\"data-secret\"))||(t=Math.random().toString(36).substring(2,12),e.src+=\"#?secret=\"+t,e.setAttribute(\"data-secret\",t)),e.contentWindow.postMessage({message:\"ready\",secret:t},\"*\")},!1)))}(window,document);\n<\/script>\n","thumbnail_url":"https:\/\/mlftgx9lfndb.i.optimole.com\/w:auto\/h:auto\/q:mauto\/f:best\/https:\/\/enala.com.br\/2023\/wp-content\/uploads\/2023\/07\/TERESA.jpg","thumbnail_width":600,"thumbnail_height":600,"description":"P\u00f3s-Doutora em Lingu\u00edstica pela Universidade de Col\u00f4nia, Alemanha (2017), Doutora pela Universidade Federal do Rio de Janeiro (2002), Mestre em Lingu\u00edstica pela Universidade Federal do Rio de Janeiro (1992). Atua como docente na UERJ, desde 1985, no Col\u00e9gio de Aplica\u00e7\u00e3o Fernando Rodrigues da Silveira; desde 2003, no Instituto de Letras, tanto nos cursos de Gradua\u00e7\u00e3o [&hellip;]"}

II ENALA - Encontro Nacional de Linguística Aplicada

Maria Teresa Tedesco Vilardo Abreu (UERJ) - II ENALA - Encontro Nacional de Linguística Aplicada

<blockquote class="wp-embedded-content" data-secret="PF5wQXs9so"><a href="https://enala.com.br/2023/convidados/maria-teresa-tedesco-vilardo-abreu/">Maria Teresa Tedesco Vilardo Abreu (UERJ)</a></blockquote><iframe sandbox="allow-scripts" security="restricted" src="https://enala.com.br/2023/convidados/maria-teresa-tedesco-vilardo-abreu/embed/#?secret=PF5wQXs9so" width="600" height="338" title="&#8220;Maria Teresa Tedesco Vilardo Abreu (UERJ)&#8221; &#8212; II ENALA - Encontro Nacional de Linguística Aplicada" data-secret="PF5wQXs9so" frameborder="0" marginwidth="0" marginheight="0" scrolling="no" class="wp-embedded-content"></iframe><script>
/*! This file is auto-generated */
!function(d,l){"use strict";l.querySelector&&d.addEventListener&&"undefined"!=typeof URL&&(d.wp=d.wp||{},d.wp.receiveEmbedMessage||(d.wp.receiveEmbedMessage=function(e){var t=e.data;if((t||t.secret||t.message||t.value)&&!/[^a-zA-Z0-9]/.test(t.secret)){for(var s,r,n,a=l.querySelectorAll('iframe[data-secret="'+t.secret+'"]'),o=l.querySelectorAll('blockquote[data-secret="'+t.secret+'"]'),c=new RegExp("^https?:$","i"),i=0;i<o.length;i++)o[i].style.display="none";for(i=0;i<a.length;i++)s=a[i],e.source===s.contentWindow&&(s.removeAttribute("style"),"height"===t.message?(1e3<(r=parseInt(t.value,10))?r=1e3:~~r<200&&(r=200),s.height=r):"link"===t.message&&(r=new URL(s.getAttribute("src")),n=new URL(t.value),c.test(n.protocol))&&n.host===r.host&&l.activeElement===s&&(d.top.location.href=t.value))}},d.addEventListener("message",d.wp.receiveEmbedMessage,!1),l.addEventListener("DOMContentLoaded",function(){for(var e,t,s=l.querySelectorAll("iframe.wp-embedded-content"),r=0;r<s.length;r++)(t=(e=s[r]).getAttribute("data-secret"))||(t=Math.random().toString(36).substring(2,12),e.src+="#?secret="+t,e.setAttribute("data-secret",t)),e.contentWindow.postMessage({message:"ready",secret:t},"*")},!1)))}(window,document);
</script>

Pós-Doutora em Linguística pela Universidade de Colônia, Alemanha (2017), Doutora pela Universidade Federal do Rio de Janeiro (2002), Mestre em Linguística pela Universidade Federal do Rio de Janeiro (1992). Atua como docente na UERJ, desde 1985, no Colégio de Aplicação Fernando Rodrigues da Silveira; desde 2003, no Instituto de Letras, tanto nos cursos de Graduação [&hellip;]
